{"id":3,"date":"2020-09-23T19:36:54","date_gmt":"2020-09-23T19:36:54","guid":{"rendered":"http:\/\/snk.alabaster.de\/?page_id=3"},"modified":"2022-04-07T16:55:22","modified_gmt":"2022-04-07T16:55:22","slug":"privacy-policy","status":"publish","type":"page","link":"https:\/\/www.stiftung-neue-kultur.de\/?page_id=3","title":{"rendered":"Impressum &#038; Datenschutz"},"content":{"rendered":"\n<p class=\"has-normal-font-size\">STIFTUNG NEUE KULTUR<br>c\/o Castellanos (Vst.) und c\/o Jasinszczak (Vst.)<br>Dennewitz 5<br>10785 Berlin<br>Telefon: +49 177 79 828 78<br><br>Internet: www.stiftung-neue-kultur.de<br>E-Mail: mail@stiftung-neue-kultur.de<\/p>\n\n\n\n<p class=\"has-normal-font-size\">Content-Management: Jens Schlechte, schlechte@stiftung-neue-kultur.de<br><br><strong>Nutzungsbedingungen und Haftungsausschluss<\/strong><br>Die SIFTUNG NEUE KULTUR (im folgenden SNK genannt) ist eine Stiftung des \u00f6ffentlichen Rechts.<br><br><strong>Externe Verweise und Links<\/strong><br>Von eigenen Inhalten k\u00f6nnen Links zu fremden Internetseiten eingef\u00fcgt werden, aber weder macht sich die SNK diese Internetseite oder deren Inhalt zu eigen, noch ist die SNK verantwortlich f\u00fcr die Verf\u00fcgbarkeit dieser Internetseiten.<br><br><strong>Urheberrecht<\/strong><br>S\u00e4mtliche auf den Internetseiten der SNK ver\u00f6ffentlichten Informationen \u2013 Daten und sonstige Inhalte (Bilder und Texte) \u2013 an denen Markenrechte, Urheberrechte oder sonstige Schutzrechte bestehen, sind auch dann f\u00fcr ihren jeweiligen Inhaber gesch\u00fctzt, wenn sie nicht als solche explizit gekennzeichnet sind.<br><br><strong>Rechtswirksamkeit<\/strong><br>Dieser Haftungsausschluss ist Teil des Internetauftritts der SNK. Sofern einzelne Formulierungen der geltenden Rechtslage nicht oder nicht vollst\u00e4ndig entsprechen, bleiben die \u00fcbrigen Teile dieser Erkl\u00e4rung davon unber\u00fchrt.&nbsp;<br><br><strong>Schutzklausel<\/strong><br>Das Landgericht Hamburg hat mit seinem Urteil vom 12. Mai 1998 \u2013 312 O 85\/98 \u2013 Haftung f\u00fcr Links entschieden, dass man durch einen Link auf eine andere Homepage deren Inhalte unter Umst\u00e4nden mit zu verantworten hat. Dies kann man nur verhindern, indem man sich ausdr\u00fccklich von diesen Inhalten distanziert, was wir auch hiermit tun: Hiermit distanzieren wir uns ausdr\u00fccklich von s\u00e4mtlichen Inhalten aller von uns per Link angebotenen Seiten und erkl\u00e4ren hiermit, dass die dort angebotenen Inhalte nicht unsere Meinung widerspiegeln.<\/p>\n\n\n\n<p class=\"has-normal-font-size\"><strong>Datenschutzerkl\u00e4rung<\/strong><br><br><strong>Datenschutz<\/strong><br>Wir nehmen den Schutz Ihrer pers\u00f6nlichen Daten sehr ernst. Wir behandeln Ihre personenbezogenen Daten vertraulich und entsprechend der gesetzlichen Datenschutzvorschriften sowie dieser Datenschutzerkl\u00e4rung. Die Nutzung unserer Website ist in der Regel ohne Angabe personenbezogener Daten m\u00f6glich. Wir weisen trotzdem darauf hin, dass die Daten\u00fcbertragung im Internet (z. B. bei der Kommunikation per E-Mail) Sicherheitsl\u00fccken aufweisen kann. Ein l\u00fcckenloser Schutz der Daten vor dem Zugriff durch Dritte ist nicht m\u00f6glich.<\/p>\n\n\n\n<p class=\"has-normal-font-size\"><strong>Cookies<\/strong><br>Die Internetseiten verwenden teilweise so genannte Cookies. Cookies richten auf Ihrem Rechner keinen Schaden an und enthalten keine Viren. Cookies dienen dazu, unser Angebot nutzerfreundlicher, effektiver und sicherer zu machen. Cookies sind kleine Textdateien, die auf Ihrem Rechner abgelegt werden und die Ihr Browser speichert. Die meisten der von uns verwendeten Cookies sind \u201eSession-Cookies\u201c. Sie werden nach Ende Ihres Besuchs automatisch gel\u00f6scht.<\/p>\n\n\n\n<p class=\"has-normal-font-size\"><strong>Server-Log-Files<\/strong><br>Der Provider der Seiten erhebt und speichert unter Umst\u00e4nden automatisch Informationen in Server-Log-Files, die Ihr Browser automatisch an uns \u00fcbermittelt. Diese k\u00f6nnen und werden nicht von uns weitergereicht.<\/p>\n\n\n\n<p class=\"has-normal-font-size\"><strong>Uhrzeit der Serveranfrage<\/strong><br>Diese Daten sind nicht bestimmten Personen zuordenbar. Eine Zusammenf\u00fchrung dieser Daten mit anderen Datenquellen wird nicht vorgenommen.<br><br>Quelle: eRecht24<br><br>Quelle: DSGVO https:\/\/dsgvo-gesetz.de<\/p>\n","protected":false},"excerpt":{"rendered":"<p>STIFTUNG NEUE KULTURc\/o Castellanos (Vst.) und c\/o Jasinszczak (Vst.)Dennewitz 510785 BerlinTelefon: +49 177 79 828 78 Internet: www.stiftung-neue-kultur.deE-Mail: mail@stiftung-neue-kultur.de Content-Management: Jens Schlechte, schlechte@stiftung-neue-kultur.de Nutzungsbedingungen und HaftungsausschlussDie SIFTUNG NEUE KULTUR (im folgenden SNK genannt) ist eine Stiftung des \u00f6ffentlichen Rechts. Externe Verweise und LinksVon eigenen Inhalten k\u00f6nnen Links zu fremden Internetseiten eingef\u00fcgt werden, aber weder macht &hellip; <\/p>\n<p class=\"link-more\"><a href=\"https:\/\/www.stiftung-neue-kultur.de\/?page_id=3\" class=\"more-link\"><span class=\"screen-reader-text\">\u201eImpressum &#038; Datenschutz\u201c<\/span> weiterlesen<\/a><\/p>\n","protected":false},"author":1,"featured_media":0,"parent":0,"menu_order":0,"comment_status":"closed","ping_status":"open","template":"","meta":{"footnotes":""},"class_list":["post-3","page","type-page","status-publish","hentry"],"_links":{"self":[{"href":"https:\/\/www.stiftung-neue-kultur.de\/index.php?rest_route=\/wp\/v2\/pages\/3"}],"collection":[{"href":"https:\/\/www.stiftung-neue-kultur.de\/index.php?rest_route=\/wp\/v2\/pages"}],"about":[{"href":"https:\/\/www.stiftung-neue-kultur.de\/index.php?rest_route=\/wp\/v2\/types\/page"}],"author":[{"embeddable":true,"href":"https:\/\/www.stiftung-neue-kultur.de\/index.php?rest_route=\/wp\/v2\/users\/1"}],"replies":[{"embeddable":true,"href":"https:\/\/www.stiftung-neue-kultur.de\/index.php?rest_route=%2Fwp%2Fv2%2Fcomments&post=3"}],"version-history":[{"count":6,"href":"https:\/\/www.stiftung-neue-kultur.de\/index.php?rest_route=\/wp\/v2\/pages\/3\/revisions"}],"predecessor-version":[{"id":449,"href":"https:\/\/www.stiftung-neue-kultur.de\/index.php?rest_route=\/wp\/v2\/pages\/3\/revisions\/449"}],"wp:attachment":[{"href":"https:\/\/www.stiftung-neue-kultur.de\/index.php?rest_route=%2Fwp%2Fv2%2Fmedia&parent=3"}],"curies":[{"name":"wp","href":"https:\/\/api.w.org\/{rel}","templated":true}]}}